{"id":5863,"date":"2021-09-23T14:30:29","date_gmt":"2021-09-23T14:30:29","guid":{"rendered":"http:\/\/harakademian.is\/?page_id=5863"},"modified":"2026-02-18T21:08:16","modified_gmt":"2026-02-18T21:08:16","slug":"gjaldskra","status":"publish","type":"page","link":"https:\/\/harakademian.is\/?page_id=5863","title":{"rendered":"Gjaldskr\u00e1"},"content":{"rendered":"\t\t<div data-elementor-type=\"wp-page\" data-elementor-id=\"5863\" class=\"elementor elementor-5863\">\n\t\t\t\t<div class=\"elementor-element elementor-element-06afeb6 e-con-full e-flex e-con e-parent\" data-id=\"06afeb6\" data-element_type=\"container\" data-e-type=\"container\" data-settings=\"{&quot;background_background&quot;:&quot;classic&quot;}\">\n\t\t\t\t<\/div>\n\t\t<div class=\"elementor-element elementor-element-65ae6afc e-flex e-con-boxed e-con e-parent\" data-id=\"65ae6afc\" data-element_type=\"container\" data-e-type=\"container\">\n\t\t\t\t\t<div class=\"e-con-inner\">\n\t\t\t\t<div class=\"elementor-element elementor-element-78afc065 elementor-widget elementor-widget-text-editor\" data-id=\"78afc065\" data-element_type=\"widget\" data-e-type=\"widget\" data-widget_type=\"text-editor.default\">\n\t\t\t\t\t\t\t\t\t<h2 class=\"wp-block-heading\"><span style=\"font-size: 16px; font-style: inherit; font-weight: inherit; color: #7a7a7a;\">N\u00e1mi\u00f0 \u00ed H\u00e1rakadem\u00edunni tekur 12 m\u00e1nu\u00f0i. Sk\u00f3lagjaldi\u00f0 er 2.390.000 kr. sem skiptist \u00ed fj\u00f3rar grei\u00f0slur og \u00fear af er sta\u00f0festingargjald 170.000 kr. Innifali\u00f0 \u00ed sk\u00f3lagjaldinu er allt n\u00e1msefni, t\u00e6ki og t\u00f3l til verklegrar kennslu.<\/span><\/h2>\n<p><!-- \/wp:paragraph --><!-- wp:paragraph --><\/p>\n<p>N\u00e1nari \u00fatlistun sk\u00f3lagjalds:<br \/>Sta\u00f0festingargjald 170.000 kr.<br \/>1.\u00f6nnin 740.000 kr.<br \/>2.\u00f6nnin 740.000 kr.<br \/>3.\u00f6nnin 740.000 kr.<\/p>\n<p><!-- \/wp:paragraph --><!-- wp:paragraph --><\/p>\n<p><!-- \/wp:paragraph --><!-- wp:paragraph --><\/p>\n<p>N\u00e1mi\u00f0 er l\u00e1nsh\u00e6ft hj\u00e1\u00a0<a href=\"http:\/\/lin.is\/lin.html\">Menntasj\u00f3\u00f0ur<\/a>.<\/p>\n<p><!-- \/wp:paragraph --><!-- wp:paragraph --><\/p>\n<p><!-- \/wp:paragraph --><!-- wp:paragraph --><\/p>\n<p><!-- \/wp:paragraph --><!-- wp:paragraph --><\/p>\n<p>H\u00e1rakadem\u00edan b\u00fd\u00f0ur nemendum upp \u00e1 grei\u00f0slukortal\u00e1n &amp; pei.is \u00ed allt a\u00f0 36 m\u00e1nu\u00f0i.<\/p>\n<p><!-- \/wp:paragraph --><!-- wp:paragraph --><\/p>\n<p><!-- \/wp:paragraph --><!-- wp:paragraph --><\/p>\n<p><!-- \/wp:paragraph --><!-- wp:paragraph --><\/p>\n<p><!-- \/wp:paragraph --><!-- wp:paragraph --><\/p>\n<p><!-- \/wp:paragraph --><!-- wp:paragraph --><\/p>\n<p><!-- \/wp:paragraph --><\/p>\t\t\t\t\t\t\t\t<\/div>\n\t\t\t\t\t<\/div>\n\t\t\t\t<\/div>\n\t\t\t\t<\/div>\n\t\t","protected":false},"excerpt":{"rendered":"<p>N\u00e1mi\u00f0 \u00ed H\u00e1rakadem\u00edunni tekur 12 m\u00e1nu\u00f0i. Sk\u00f3lagjaldi\u00f0 er 2.390.000 kr. sem skiptist \u00ed fj\u00f3rar grei\u00f0slur og \u00fear af er sta\u00f0festingargjald [&hellip;]<\/p>\n","protected":false},"author":2,"featured_media":0,"parent":0,"menu_order":0,"comment_status":"closed","ping_status":"closed","template":"","meta":{"site-sidebar-layout":"default","site-content-layout":"","ast-site-content-layout":"full-width-container","site-content-style":"default","site-sidebar-style":"default","ast-global-header-display":"","ast-banner-title-visibility":"","ast-main-header-display":"","ast-hfb-above-header-display":"","ast-hfb-below-header-display":"","ast-hfb-mobile-header-display":"","site-post-title":"disabled","ast-breadcrumbs-content":"","ast-featured-img":"","footer-sml-layout":"","theme-transparent-header-meta":"","adv-header-id-meta":"","stick-header-meta":"","header-above-stick-meta":"","header-main-stick-meta":"","header-below-stick-meta":"","astra-migrate-meta-layouts":"default","ast-page-background-enabled":"default","ast-page-background-meta":{"desktop":{"background-color":"var(--ast-global-color-5)","background-image":"","background-repeat":"repeat","background-position":"center center","background-size":"auto","background-attachment":"scroll","background-type":"","background-media":"","overlay-type":"","overlay-color":"","overlay-opacity":"","overlay-gradient":""},"tablet":{"background-color":"","background-image":"","background-repeat":"repeat","background-position":"center center","background-size":"auto","background-attachment":"scroll","background-type":"","background-media":"","overlay-type":"","overlay-color":"","overlay-opacity":"","overlay-gradient":""},"mobile":{"background-color":"","background-image":"","background-repeat":"repeat","background-position":"center center","background-size":"auto","background-attachment":"scroll","background-type":"","background-media":"","overlay-type":"","overlay-color":"","overlay-opacity":"","overlay-gradient":""}},"ast-content-background-meta":{"desktop":{"background-color":"var(--ast-global-color-4)","background-image":"","background-repeat":"repeat","background-position":"center center","background-size":"auto","background-attachment":"scroll","background-type":"","background-media":"","overlay-type":"","overlay-color":"","overlay-opacity":"","overlay-gradient":""},"tablet":{"background-color":"var(--ast-global-color-4)","background-image":"","background-repeat":"repeat","background-position":"center center","background-size":"auto","background-attachment":"scroll","background-type":"","background-media":"","overlay-type":"","overlay-color":"","overlay-opacity":"","overlay-gradient":""},"mobile":{"background-color":"var(--ast-global-color-4)","background-image":"","background-repeat":"repeat","background-position":"center center","background-size":"auto","background-attachment":"scroll","background-type":"","background-media":"","overlay-type":"","overlay-color":"","overlay-opacity":"","overlay-gradient":""}},"footnotes":""},"class_list":["post-5863","page","type-page","status-publish","hentry"],"_links":{"self":[{"href":"https:\/\/harakademian.is\/index.php?rest_route=\/wp\/v2\/pages\/5863","targetHints":{"allow":["GET"]}}],"collection":[{"href":"https:\/\/harakademian.is\/index.php?rest_route=\/wp\/v2\/pages"}],"about":[{"href":"https:\/\/harakademian.is\/index.php?rest_route=\/wp\/v2\/types\/page"}],"author":[{"embeddable":true,"href":"https:\/\/harakademian.is\/index.php?rest_route=\/wp\/v2\/users\/2"}],"replies":[{"embeddable":true,"href":"https:\/\/harakademian.is\/index.php?rest_route=%2Fwp%2Fv2%2Fcomments&post=5863"}],"version-history":[{"count":36,"href":"https:\/\/harakademian.is\/index.php?rest_route=\/wp\/v2\/pages\/5863\/revisions"}],"predecessor-version":[{"id":6358,"href":"https:\/\/harakademian.is\/index.php?rest_route=\/wp\/v2\/pages\/5863\/revisions\/6358"}],"wp:attachment":[{"href":"https:\/\/harakademian.is\/index.php?rest_route=%2Fwp%2Fv2%2Fmedia&parent=5863"}],"curies":[{"name":"wp","href":"https:\/\/api.w.org\/{rel}","templated":true}]}}